t is the tens digit of l?
3
Let g(x) = -x**2 - 2*x. Let y be g(-3). Let m be (y - 2)/(4/20). What is the tens digit of -4 + (-2 - -3) - m?
2
Suppose 3*m = -37 + 25. What is the tens digit of 59*2*m/(-8)?
5
What is the tens digit of 1/((10/20)/((-706)/(-4)))?
5
Let n be 0/((4/(-2 + 6))/1). Suppose -2*u + 452 = -4*a, n*a = -2*u + 3*a + 448. What is the units digit of u?
8
Let h(r) = 49*r + 14. Let x be h(4). Suppose 10*d - 5*d - x = 0. What is the tens digit of d?
4
Suppose 0 = 36*i - 35*i - 2133. What is the tens digit of i?
3
Let x(j) be the third derivative of -j**4/3 - j**3/6 + 6*j**2. Let c be x(-2). Suppose 0 = 2*q + 3*q - c. What is the units digit of q?
3
Let m = -21 - -23. Suppose k + 49 = m*k. What is the tens digit of k?
4
Suppose -2*y - 4 = 2*y. Let z(i) = -7*i**3 - 2*i**2 + 1. Let g be z(y). Suppose g*k = k + 115. What is the units digit of k?
3
Let c = -2910 + 4527. What is the units digit of c?
7
Let b(g) = -170*g + 2831. What is the units digit of b(0)?
1
Let g = -6262 + 10985. What is the tens digit of g?
2
Let s be (-1)/(-4)*-2*0. Suppose 0 = -5*k - 2*x + 8 + 23, -4*k = 3*x - 29. Let w = k + s. What is the units digit of w?
5
Suppose -y + 0*y - 24 = 4*z, 0 = 4*y. Let n(c) = -2*c**3 - 10*c**2 - 13*c - 1. What is the hundreds digit of n(z)?
1
Let j = 860 - 165. What is the tens digit of j?
9
What is the hundreds digit of (-108212)/(-28) + (10/(-14) - -1)?
8
Let x(u) = 3*u - 14. Let l be x(6). Suppose -273 = -4*w - 5*a, w + l*a = 3*w - 130. What is the tens digit of (-2 + 3)*w*1?
6
Let n be 148/18 + 76/(-18) + 4. Suppose -6*z + n = -4. What is the units digit of z?
2
Let p(k) = k**2 + 14*k - 4. Suppose -3*x = -5*b - 147, -3*x + 2*b + 45 = -111. Suppose -5*f - 26 - x = 0. What is the tens digit of p(f)?
2
Suppose s + 0*s - 3 = 0. Let g(b) = -b**2 + 7*b + 9. Let f be g(6). Suppose -j = 3*m - m - 14, 3*m + f = s*j. What is the units digit of j?
8
Let r = 328 + 0. What is the hundreds digit of r?
3
Let f(u) = -74*u + 27. Let s be f(-6). Suppose -4*q + 0*q + 2*y = -628, 2*y - s = -3*q. What is the units digit of q?
7
Let r(c) = c**3 - 3*c**2 - c + 1. Let x be r(3). Let a be 3/(x*(-2)/24). Suppose 3*q - 69 = -a. What is the units digit of q?
7
Let f = 13 + -12. Suppose -f = w + 1. What is the units digit of (-3)/((-3)/w)*-6?
2
Let f(m) = m**3 - 25*m**2 - 19*m - 51. What is the units digit of f(26)?
1
Suppose 5*s - 342 = 4*r + 1183, -2*s - 4*r = -610. What is the tens digit of s?
0
Let d(m) = 2*m - 30. Let f be d(20). What is the hundreds digit of (f/25)/((-1)/(-95))*3?
1
Let f(i) = -i**3 + 11*i**2 + 12*i + 10. Let g(z) = -3*z**3 + 23*z**2 + 25*z + 21. Let v(t) = -5*f(t) + 2*g(t). What is the tens digit of v(-9)?
8
Let f = -21 - -41. Let v = -12 + f. Let a = 24 - v. What is the tens digit of a?
1
Let j(i) = -55*i - 114. What is the tens digit of j(-11)?
9
Suppose -590 = -10*i - 130. What is the units digit of i?
6
Let a = 53 + 867. What is the tens digit of a?
2
Let w(z) = -15*z - 3*z - 10*z - 5*z - 8. What is the hundreds digit of w(-6)?
1
Suppose -4*u = 33 + 3. Let y = 60 + u. What is the tens digit of y?
5
Let g(w) = 3*w + 159. What is the hundreds digit of g(0)?
1
Suppose 10*t - 1693 = 1677. What is the tens digit of t?
3
Let p(u) = -1 - 24*u + 135*u + 2. What is the units digit of p(1)?
2
Suppose 0 = 14*z + 4 + 10. What is the units digit of (z*3)/(14/(-630))?
5
Suppose 13*m - 27076 = -15*m. What is the tens digit of m?
6
Let d(a) be the first derivative of 3*a**4/2 + a**3/3 + 5*a**2/2 - 5*a + 12. What is the tens digit of d(2)?
5
Let d = -10 - -7. Let r(m) = m - 7. Let h be r(d). What is the units digit of (-7)/((-105)/(-12))*h?
8
Let i = 5202 - 3501. What is the hundreds digit of i?
7
Let y(k) = -2*k + 17. Let c be y(6). Suppose q - 308 = -5*u, c*q + 84 = u + 12. What is the tens digit of u?
6
Let a(h) = -h**2 + 13*h. Let m(n) = n + 1. Let w(g) = a(g) + m(g). What is the tens digit of w(6)?
4
Suppose 72 = 3*o + 5*o. Let t = o + 46. What is the tens digit of t?
5
Let x = -31 - -58. Let r be (-400)/(-32)*6*x. What is the tens digit of 4/(-26) + r/65?
3
Let v(r) = -r**2 + 21*r - 26. Let x be v(9). Suppose 558 = 8*q - x. What is the units digit of q?
0
Suppose 1378 = 5*m - 932. What is the tens digit of m?
6
Let d(z) = -3*z - 9. Let o = -16 + 19. Suppose -3*f = o*f + 30. What is the units digit of d(f)?
6
Let i(t) = -3*t + 49. Let b be i(15). What is the units digit of ((-2)/4)/(b/(-376))?
7
Let m = 227 + 620. What is the units digit of m?
7
What is the hundreds digit of 1704 + (1 - 9/6)*10?
6
Let o(i) = i**3 - 20*i**2 + 57*i - 140. What is the hundreds digit of o(23)?
7
Suppose 23*x = 14*x + 45. Suppose 0 = -4*q + x*g + 542, -2*g + 31 = 4*q - 497. What is the tens digit of q?
3
Let j(a) be the second derivative of 5*a**3/6 - 4*a**2 - 14*a. What is the units digit of j(9)?
7
Suppose 5*y - 20 = 0, -5*l + 1724 = -3*y - y. What is the tens digit of l?
4
Let w be (-4)/(-6) + 4950/27. Suppose 8*t = 4*t + w. Let y = t - 1. What is the units digit of y?
5
Let h(f) = -f**3 - 9*f**2 - 11*f - 8. Let t be h(-11). Let a = -219 + t. Suppose 0 = 4*p - 92 - a. What is the units digit of p?
7
Suppose -10*v + 14*v = 1220. Let s = v + -166. What is the hundreds digit of s?
1
Let o(i) = i**2 - 6*i + 2. Let g be o(6). Let r be (15/(-9))/(g/(-6)). Suppose -k = -r*z, 0 = 4*z - 5*k + 21. What is the units digit of z?
1
Suppose -v = 9 - 14. Suppose 2*b = -0*b - 3*i + 128, 194 = 3*b + v*i. What is the tens digit of b?
5
Suppose 4*s = w + 9, -4*w - 2 = -s + 2*s. What is the tens digit of (-12340)/(-110) + s/(-11)?
1
Let p = 8027 + -4627. What is the tens digit of p?
0
Suppose -4*q + 1032 = 2*k - 2*q, 5*k = q + 2574. What is the units digit of k?
5
Suppose 2*a + 244 = 6*a. Let t be (0 + 4 + -3)*4. Suppose t*r - a = 19. What is the tens digit of r?
2
Let z(j) = 3*j**3 - 38*j**2 - 12*j - 27. Let r(s) = s**3 - 13*s**2 - 4*s - 9. Let g(u) = 17*r(u) - 6*z(u). What is the units digit of g(6)?
9
Let i(z) = z**3 - 12*z**2 + 9*z - 6. Let y be i(11). Let r be y/4*(-9)/21. What is the units digit of r/(-2*6/(-116))?
9
Let r = -3174 - -4519. What is the hundreds digit of r?
3
Suppose -3*k - 39 = -16*k. Suppose 4*w = k*t - 227 + 36, 154 = 2*t + 4*w. What is the tens digit of t?
6
Suppose 3*s = -4*t + 5*t + 16, 3*t + 16 = s. Let b = 2 + s. What is the units digit of (4/b)/((-2)/(-57))?
9
Let c(l) = l**2 + 14*l + 1. Let m be c(-14). What is the hundreds digit of m - (4 - 85*2)?
1
Suppose 3*z = -j + 16, -j = -3*j - z + 7. Let w be 3/1 - j/(-1). What is the units digit of (1 + w)*(6 - 1)?
5
Let o = 52 + -53. What is the hundreds digit of (-12)/15*(2*-73 - o)?
1
Let z(w) = -80*w - 14. What is the units digit of z(-12)?
6
Let w(t) = 37*t - 4. Let f be w(3). Suppose z - 5*s - 21 = f, -5*s = 3*z - 444. Suppose -2*k - j + 88 = 0, -3*k - 20 = -3*j - z. What is the units digit of k?
3
What is the hundreds digit of 2/15 + (-157075)/(-375)?
4
Suppose 5*l + n - 18354 = 0, -5*n - 3127 - 4220 = -2*l. What is the hundreds digit of l?
6
Suppose -2*g - 3*j + 17 = 0, -5*j = -3*g - 0 - 3. Suppose 20 = g*m, -h = h - m - 199. What is the units digit of h?
2
Let p = -2 + 7. Suppose 77 = q + 2*h, -4*q + p*h + 363 = 2*h. What is the tens digit of q?
8
Let l(v) = -v**3 + 3*v + 3. Let s be l(-2). Suppose s*h - 5*x + 3*x - 220 = 0, -2*x = -10. Let y = -25 + h. What is the tens digit of y?
2
What is the units digit of ((-45)/6)/(4/(-32))?
0
What is the units digit of (-6)/8 + -11*4437/(-36)?
5
Let f(v) be the first derivative of -105*v**2 + 2*v + 29. What is the hundreds digit of f(-1)?
2
Let o = -2220 + 2438. What is the units digit of o?
8
Suppose -660 = -6*r + 2196. What is the units digit of r?
6
Let y(z) = 2*z**2 + 5*z + 4. Let a be y(-2). Suppose 4*n = x - 49, x - 54 = -a*n + 7*n. What is the units digit of x?
9
Suppose -4*g + 2*n + 32 = 0, -2*g - 2 = -2*n - 16. Suppose 4*x = w - 24, -4*w = -g*w - 4*x + 72. What is the tens digit of w?
1
Let i be ((-16)/(-8) + (-7)/3)*15. What is the tens digit of i/25 + 332/10?
3
Let k be (-1 + 10/6)*3/2. What is the tens digit of (2 + (-11 - k))*12/(-8)?
1
Let o(f) = 484*f**3 - f**2 + 1. What is the hundreds digit of o(1)?
4
Suppose -4*z + q - 8 = 0, 2*z + 14 = -2*q + 5*q. Let r = z - -32. What is the tens digit of r?
3
Suppose -5*z - 2*z + 4977 = 0. What i